 = 5*o - 0*z + z - s. List the prime factors of o.
41
Suppose -6*n = -5*n + 465. Let k = -234 - n. List the prime factors of k.
3, 7, 11
List the prime factors of -5*(-14)/(-35) + 3930/2.
13, 151
Suppose -4*n + 3 = -3*n. Suppose -y = -v - n*y, 2*y + 4 = 0. Suppose 0 = -i + 3*b + 25 + 5, -3*i - v*b = -64. What are the prime factors of i?
2, 3
Suppose -176 = -5*f + 49. Let x = f - 27. What are the prime factors of x?
2, 3
Let k(o) be the second derivative of -7*o**3/6 + 11*o**2 - o. Let l be k(15). Let s = l + 117. List the prime factors of s.
2, 17
Let z(k) = -k**3 - 5*k**2 + 9*k - 12. Suppose -2*d + 32 = -6*d. What are the prime factors of z(d)?
2, 3
Let w = 2030 + -777. List the prime factors of w.
7, 179
Suppose 3*l - 2952 = 18*v - 15*v, -4*l + 3920 = 4*v. What are the prime factors of l?
2, 491
Let j = -60 + 92. Suppose -j = -4*s + 96. Let p = 45 - s. List the prime factors of p.
13
Suppose -2*g + 9 = -3*n, 5*g - 8 = g - 4*n. What are the prime factors of (5 + -4)/((g/(-9))/(-1))?
3
Suppose -45880 = -19*f + 43306. List the prime factors of f.
2, 2347
Let i(d) = -2*d**3 + d**2 + d. Let n(q) = -q - 7. Let v be n(-6). Let u be i(v). Suppose -16 = u*x - 6*x. List the prime factors of x.
2
Let m(u) be the first derivative of -1/3*u**3 - 17*u - 7*u**2 + 6. List the prime factors of m(-12).
7
Suppose -2*z = -2*f - 736, -4*z + 3*f = f - 1462. What are the prime factors of z?
3, 11
Let p(v) = 2*v**3 - 3*v + 3. Let q be p(5). List the prime factors of q/18 + 22/(-99).
13
Suppose -o = o - 114. Let m = 179 - o. List the prime factors of m.
2, 61
Let b = -384 - -469. List the prime factors of b.
5, 17
Suppose 8*r - 125 = 107. List the prime factors of r.
29
Suppose 15*k - 38190 = -15*k. What are the prime factors of k?
19, 67
Let i = 135 - -407. What are the prime factors of i?
2, 271
Let g(a) = 2*a**2 + 4*a. Let t = -2 + -1. Let b(u) = -u**2. Let h(c) = t*b(c) - g(c). List the prime factors of h(5).
5
Let v(s) = 2*s**2 - 3*s + 3*s**2 - 3*s**2 - 11. What are the prime factors of v(-5)?
2, 3
Let h(c) = 4*c**2 - 53*c + 109*c + 4 - 55*c. What are the prime factors of h(2)?
2, 11
What are the prime factors of 650/(-6)*(-1377)/765?
3, 5, 13
Let y be (-94)/(-4) + (-6)/4. Suppose 3*q + 3 + 31 = -k, 0 = q - 5*k + y. What are the prime factors of ((-41)/3)/(q/36)?
41
Let w = 221 - 8. Let a be (-3)/9 - w/9. List the prime factors of a/(0/2 + -1).
2, 3
Let k(w) = -77*w - 141. List the prime factors of k(-7).
2, 199
Let i(h) = -h**3 + h**2 - 3*h + 4. Let z be i(2). Let s = z - -37. Suppose -5*p = -311 + s. List the prime factors of p.
2, 7
Suppose -3*i = -0 + 27. Let z = -9 - i. Suppose -2*j + 10 = 0, -3*b + z*b - 5*j = -70. What are the prime factors of b?
3, 5
Suppose -23 = -3*l - 5*u, 4*l - 3*u - 12 - 38 = 0. Suppose -k - 9 = -4*b, -2*b - b = -5*k - l. Suppose 139 = b*j + 33. What are the prime factors of j?
53
Let x be ((-2)/4 - 0)/(8/384). What are the prime factors of (112/6)/((-52)/x + -2)?
2, 7
Let m = 2 - 0. Suppose -5*t - 3*y - 5 = 0, t = -3*y + 2*y + 1. List the prime factors of t + -18*(-1)/m.
5
Let x(b) = -6*b**3 + 3*b**2 + 5*b + 2. Let a = -65 + 62. List the prime factors of x(a).
2, 11
Suppose -4*j + 8 = 0, 0*r + j = 3*r - 796. List the prime factors of r.
2, 7, 19
Suppose i + 5*k = 615 - 221, 776 = 2*i - 2*k. List the prime factors of i.
389
Suppose -2*w = -6*w + 12. Let c(v) = -v**2 + v**2 + 2*v - 20*v**w + v**2 + 1 + 0. List the prime factors of c(-1).
2, 5
Let l = -5 - -7. Suppose -10 = k - 3*k. Suppose 0*a - l*a = 3*x - 96, -x - k*a + 32 = 0. What are the prime factors of x?
2
Suppose -1 + 3 = 2*z, -g - 5*z = -1102. What are the prime factors of g?
1097
Let q(f) = -129*f - 6. Let x be q(-2). Suppose h = -3*r + 2*h + x, -3*r = -4*h - 261. List the prime factors of r.
83
Let n be ((21/(-6))/7)/((-1)/390). Suppose -1042 = -4*y + 2*d, -y - 4*d + n = -43. What are the prime factors of y?
2, 3, 43
Let v = 5 - 2. Let q be 1/3*(v - -9). Suppose p - 1 = q. List the prime factors of p.
5
Let f(i) = -126*i - 1166. List the prime factors of f(-33).
2, 11, 17
Let u be 6*(-3)/6 + 9. Let c = u + 2. What are the prime factors of -2*(-28)/c*1?
7
List the prime factors of 0 + 12 + 2568 - 11.
7, 367
Let q = 531 + -96. List the prime factors of q.
3, 5, 29
Suppose -5*a + 26 = 5*s - 104, 0 = 5*s - 20. Let j = 51 - a. Let m = j + -17. What are the prime factors of m?
2, 3
Let q be (-5)/(100/(-15428)) + 9/15. Let v = q - 547. What are the prime factors of v?
3, 5
Suppose 3*z - 2*z + 5*b - 232 = 0, -b = 4*z - 909. What are the prime factors of z?
227
Suppose 0 = -2*n, 4*v - 12 = n - 4*n. List the prime factors of 2*((-1)/3 - (-133)/v).
2, 11
Let z(w) = -w**3 + 11*w**2 + 5*w - 3. Suppose 9 = -3*o + 42. List the prime factors of z(o).
2, 13
Suppose 31 + 9 = 5*i. Let f be 1/(3 + (-26)/i). List the prime factors of (-492)/(-44) - f/(-22).
11
Let j = 1 - -3. Let b be 6 + -4*2/j. List the prime factors of (-4 - (-7 + -1)) + b.
2
Let w be 6*((-16)/(-12) - 1). Suppose 3*d = -w*d + 75. List the prime factors of d.
3, 5
Let k = -2422 + 5618. What are the prime factors of k?
2, 17, 47
Let a(i) = 16*i - 29. What are the prime factors of a(31)?
467
Let t be (-126)/(-26) + 4/26. Suppose -s + 329 = 2*s - t*p, 0 = 3*s + p - 305. Suppose 3*n = s + 50. List the prime factors of n.
3, 17
Suppose 155 = -h + 3*h + g, 0 = -h - 4*g + 95. List the prime factors of h.
3, 5
Suppose -3*l - 2*f + 21 = 0, 0*l = 3*l - f - 30. Suppose 3*z - 84 = -l. Suppose -z = -5*r, 4*n + 2*r - 86 = 188. What are the prime factors of n?
2, 3, 11
Suppose 5*h = 2*d - 25, -3*h + 0*h = 2*d - 1. Let k be -1 + d - (-8)/(-2). Suppose f - 17 = -k*f. What are the prime factors of f?
17
Suppose 2*o = -4*j + 2262, 5*j + 4*o - 2808 = 8*o. List the prime factors of j.
2, 3, 47
List the prime factors of (17 - 19)*(-4011)/6.
7, 191
Let f(s) = s**2 + 8*s + 9. Let h be f(-7). Suppose -13 = h*w - 95. Suppose -4*c - 5*k + 198 - w = 0, -3*k + 34 = c. List the prime factors of c.
43
Let c = -73 - -79. Suppose 1242 = c*l + 204. List the prime factors of l.
173
Let q = -72 + 463. List the prime factors of q.
17, 23
Let d(z) = -z**3 + 8*z**2 + 21*z + 2. Let b be d(9). Let g = b - 27. List the prime factors of g.
83
List the prime factors of ((-5124)/63)/(6/(-369)).
2, 41, 61
Suppose 5*g + 3065 = 3*t + 738, 4*t + g - 3141 = 0. What are the prime factors of t?
2, 7
Let z(s) = 73*s - 50. What are the prime factors of z(26)?
2, 3, 7, 11
Suppose 8*w - 689 - 135 = 0. Let n = w - 18. List the prime factors of n.
5, 17
Let g(r) = 15*r**3 - r**2 - 8*r - 2. Let o be g(3). Let y = -214 + o. List the prime factors of y.
2, 3, 13
Let o = -422 + 724. What are the prime factors of o?
2, 151
Let l = 1156 - 560. List the prime factors of l.
2, 149
Let x(a) = a**3 + 8*a**2 - 4*a. Let n be x(-8). Let o = -17 + n. List the prime factors of o.
3, 5
Let s(m) = -5*m**3 - 8*m**2 + 6*m + 8. Suppose 5*n - 12 = -32. List the prime factors of s(n).
2, 11
Let a = -94 + 79. What are the prime factors of 5/(a/(-249)) + 4?
3, 29
Suppose -5*p + 3*p = 0. Suppose p = v - 2*q + 5, 5*q = 4*v + 8. Suppose -4*k - 2*w - 3*w = -167, 0 = -v*k - 3*w + 129. List the prime factors of k.
2, 3
Suppose 568*u - 560*u = 7296. List the prime factors of u.
2, 3, 19
Suppose -12889 = -10*i + 40111. What are the prime factors of i?
2, 5, 53
What are the prime factors of 5/(-5) - 2 - -466 - 2?
461
Suppose 0 = 6*g - 96 - 216. List the prime factors of g.
2, 13
Let j(h) = h + 4. Let v be j(-7). Let i(z) = -z**2 - 3*z + 4. Let b be i(v). Suppose 0 = w + b*w - 155. List the prime factors of w.
31
Let x be (-684)/(-1)*(14/(-4) + 4). Suppose -3*l + u + 0*u = -x, 0 = 2*u + 6. What are the prime factors of l?
113
What are the prime factors of 231 - (-2 - -2)/(-5)?
3, 7, 11
Let u(k) be the first derivative of -11*k**2/2 - 29*k + 28. List the prime factors of u(-19).
2, 3, 5
Let k be (196/6)/(28/210). Let s = k + -60. List the prime factors of s.
5, 37
Let j(g) = -g**2 + 8*g + 4. Let b be j(6). Suppose 2*w = -4*s + 10, 0 = -2*w - 2*w - 4*s + b. What are the prime factors of 2/3 - (-28)/w?
2, 5
Suppose 11*s - 2253 = 1663. What are the prime factors of s?
2, 89
Let r be 1/2 - 82/(-4). Suppose -10*t + 7*t = r. List the prime factors of -2 - (t - 2) - 3.
2
Let u(l) = 401*l - 179. List the prime factor